28
Calculate the greatest common divisor of 117 and 18.
9
Calculate the highest common factor of 86 and 559.
43
What is the highest common factor of 184 and 23?
23
What is the greatest common factor of 3 and 123?
3
What is the highest common divisor of 11 and 77?
11
Calculate the greatest common factor of 54 and 297.
27
What is the highest common divisor of 424 and 1166?
106
Calculate the highest common factor of 340 and 40.
20
Calculate the highest common factor of 1134 and 14.
14
What is the greatest common factor of 77 and 2695?
77
What is the highest common divisor of 1946 and 56?
14
Calculate the greatest common divisor of 1750 and 14.
14
Calculate the greatest common factor of 448 and 28.
28
Calculate the highest common factor of 4 and 102.
2
Calculate the greatest common factor of 61851 and 159.
159
What is the greatest common factor of 140 and 180?
20
What is the greatest common divisor of 4116 and 420?
84
Calculate the highest common divisor of 30067 and 214.
107
What is the highest common divisor of 8549 and 721?
103
What is the greatest common factor of 6672 and 12?
12
Calculate the highest common divisor of 1780 and 40.
20
What is the highest common divisor of 12 and 486?
6
Calculate the highest common factor of 26 and 30134.
26
Calculate the greatest common factor of 2175 and 20.
5
What is the highest common divisor of 7791 and 1749?
159
Calculate the highest common factor of 18 and 438.
6
What is the highest common divisor of 589 and 1984?
31
Calculate the highest common factor of 1485 and 55.
55
What is the highest common factor of 20580 and 70?
70
Calculate the greatest common divisor of 12 and 972.
12
Calculate the highest common divisor of 238 and 70.
14
Calculate the greatest common divisor of 14886 and 18.
18
Calculate the greatest common divisor of 4 and 12.
4
What is the highest common divisor of 14 and 910?
14
What is the highest common divisor of 13 and 8021?
13
What is the greatest common factor of 720 and 80?
80
Calculate the greatest common factor of 2 and 58.
2
What is the highest common factor of 275 and 22?
11
What is the highest common factor of 14 and 686?
14
Calculate the greatest common factor of 689 and 53.
53
Calculate the highest common factor of 1113 and 21.
21
Calculate the greatest common factor of 60 and 40.
20
What is the highest common divisor of 192 and 152?
8
What is the greatest common factor of 279 and 2573?
31
Calculate the greatest common divisor of 551 and 19.
19
Calculate the highest common factor of 14 and 12.
2
What is the greatest common divisor of 192 and 432?
48
What is the greatest common divisor of 627 and 57?
57
Calculate the greatest common divisor of 1205 and 35.
5
Calculate the highest common divisor of 209 and 19.
19
What is the greatest common factor of 24 and 84?
12
What is the greatest common divisor of 738 and 328?
82
Calculate the greatest common factor of 380 and 8.
4
What is the greatest common divisor of 336 and 16?
16
Calculate the greatest common factor of 3784 and 11.
11
Calculate the greatest common factor of 12 and 724.
4
What is the highest common divisor of 752 and 1222?
94
Calculate the greatest common factor of 72 and 16128.
72
Calculate the highest common divisor of 402 and 1139.
67
Calculate the greatest common divisor of 96 and 136.
8
Calculate the highest common divisor of 646 and 114.
38
What is the greatest common divisor of 128 and 144?
16
Calculate the highest common divisor of 26 and 221.
13
Calculate the greatest common factor of 231 and 66.
33
What is the greatest common divisor of 1110 and 2479?
37
What is the greatest common divisor of 141 and 9447?
141
Calculate the highest common divisor of 78 and 156.
78
What is the greatest common divisor of 153 and 675?
9
Calculate the highest common factor of 120 and 105.
15
What is the greatest common factor of 345 and 15?
15
What is the highest common factor of 34 and 1649?
17
What is the greatest common factor of 115 and 100?
5
Calculate the highest common divisor of 172 and 602.
86
Calculate the greatest common factor of 18 and 288.
18
Calculate the greatest common divisor of 119 and 17.
17
What is the highest common divisor of 135 and 315?
45
What is the highest common divisor of 2826 and 72?
18
What is the highest common divisor of 464 and 812?
116
Calculate the greatest common divisor of 2497 and 2043.
227
Calculate the highest common divisor of 20 and 21940.
20
Calculate the highest common factor of 279 and 63.
9
Calculate the highest common divisor of 532 and 2812.
76
What is the highest common factor of 33859 and 49?
49
What is the greatest common divisor of 168 and 42?
42
What is the greatest common factor of 13 and 2613?
13
What is the highest common factor of 53 and 12667?
53
Calculate the highest common factor of 12079 and 94.
47
Calculate the highest common factor of 341 and 33.
11
Calculate the highest common factor of 133 and 361.
19
Calculate the greatest common factor of 58 and 6119.
29
What is the highest common divisor of 40 and 880?
40
Calculate the greatest common divisor of 700 and 56.
28
What is the greatest common divisor of 3562 and 52?
26
Calculate the highest common divisor of 24 and 120.
24
Calculate the greatest common factor of 77 and 473.
11
Calculate the highest common divisor of 621 and 8487.
207
What is the greatest common factor of 962 and 26?
26
What is the greatest common divisor of 71 and 213?
71
What is the highest common divisor of 7371 and 52?
13
What is the greatest common factor of 2 and 2?
2
What is the highest common divisor of 18 and 414?
18
Calculate the highest common factor of 2 and 94.
2
Calculate the greatest common divisor of 54 and 6102.
54
What is the highest common divisor of 132 and 288?
12
Calculate the greatest common factor of 18 and 234.
18
What is the greatest common factor of 104 and 136?
8
What is the highest common divisor of 2 and 81?
1
Calculate the highest common factor of 7697 and 895.
179
Calculate the greatest common divisor of 546 and 750.
6
Calculate the greatest common factor of 1806 and 126.
42
What is the highest common factor of 6348 and 1104?
276
What is the highest common factor of 455 and 39?
13
What is the highest common divisor of 82 and 22?
2
Calculate the greatest common factor of 924 and 396.
132
Calculate the greatest common divisor of 21 and 308.
7
What is the greatest common factor of 106 and 2067?
53
What is the highest common divisor of 30 and 50?
10
What is the highest common divisor of 910 and 140?
70
What is the greatest common factor of 8494 and 372?
62
Calculate the greatest common divisor of 19 and 1.
1
What is the greatest common factor of 7 and 19124?
7
What is the highest common divisor of 184 and 24?
8
What is the greatest common divisor of 377 and 117?
13
Calculate the greatest common factor of 28 and 7574.
14
Calculate the highest common factor of 33 and 17.
1
Calculate the highest common factor of 306 and 1326.
102
Calculate the greatest common divisor of 5 and 113.
1
Calculate the highest common divisor of 517 and 33.
11
What is the highest common divisor of 8736 and 819?
273
Calculate the greatest common divisor of 118 and 11328.
118
Calculate the greatest common divisor of 332 and 9462.
166
Calculate the greatest common factor of 255 and 75.
15
What is the greatest common factor of 93 and 93?
93
What is the greatest common divisor of 710 and 284?
142
What is the highest common divisor of 6 and 165?
3
What is the highest common divisor of 125 and 3375?
125
What is the greatest common divisor of 7 and 581?
7
What is the greatest common divisor of 32 and 20?
4
Calculate the highest common divisor of 51 and 231.
3
Calculate the highest common divisor of 12 and 42.
6
Calculate the highest common divisor of 288 and 342.
18
Calculate the highest common divisor of 1136 and 426.
142
Calculate the greatest common divisor of 14 and 14.
14
What is the greatest common factor of 40 and 610?
10
Calculate the highest common divisor of 11 and 44.
11
Calculate the highest common factor of 15860 and 10.
10
What is the greatest common divisor of 1788 and 48?
12
What is the greatest common factor of 717 and 3107?
239
Calculate the highest common factor of 78 and 494.
26
What is the highest common divisor of 6039 and 693?
99